37*f + 2. Give j(p).
76
Suppose 4*l + 25 - 1 = 0. Let z = l + 19. Let j(u) = 4*u - 10*u - z*u + 1 - 7*u. Calculate j(1).
-25
Let h = -1319 + 1327. Let p(l) be the second derivative of -l**4/12 + 11*l**3/6 - 6*l**2 + 29*l + 2. Determine p(h).
12
Let n(s) = 7*s**3 - 8*s**2 - 6*s - 13. Let x(l) = -9*l**3 + 9*l**2 + 10*l + 14. Let y(k) = 4*n(k) + 3*x(k). Calculate y(4).
-2
Let d(f) be the second derivative of 9*f**5/10 + f**4/12 + f**3/6 - f**2/2 - f. Let a = 526162 + -526161. What is d(a)?
19
Let p = -46 + 72. Let u(n) = 1 + 7*n + 24 - p. Give u(1).
6
Let h(i) = -3 + 1 + 66*i**2 - 65*i**2 + 5 - 2 + 2*i. Suppose -3*y + 6*y + o = 0, 2*y = -5*o + 13. What is h(y)?
0
Suppose 121 - 117 = t. Let x(h) be the first derivative of 4*h**2 + 1/4*h**t + 7*h - 3 + 7/3*h**3. What is x(-6)?
-5
Suppose 0 = 9*j + 12 - 48. Suppose j*m = -0*m + 12. Let y(x) = -26*x**2 + 4*x**m - 2*x**3 + 32*x**2 - 3*x**3 - 2*x. Determine y(6).
-12
Let f(t) be the first derivative of -t**3/3 + 7*t**2/2 + 2166. What is f(-4)?
-44
Let t = 46 + -44. Let i(d) = -d**3 - 6 + t + 3 + 0*d**3 + 4*d**2 + 0. What is i(3)?
8
Let i(m) = 7*m + 59. Suppose n - 36 - 69 = -19*l, 39 = -5*n - l. Calculate i(n).
-4
Let x(u) = -u**3 + 7*u**2 - 8*u + 53. Let f be x(7). Let s(a) = -a**3 - 4*a**2 - 6*a - 6. Give s(f).
3
Let x(g) = g**3 - 7*g**2 + 4*g - 7. Suppose 0 = 9*c + 11*c - 40. Let b be (3*(-1)/c - 2)*-2. Determine x(b).
21
Suppose -59 + 206 = -21*w. Let l(v) = -2*v**2 - 24*v - 70. Let u be l(w). Let m(b) = -b**3 + b**2 - 3. Determine m(u).
-3
Let r(x) = -17*x - 6. Let p(c) = 16*c + 7. Let h(a) = -7*p(a) - 6*r(a). What is h(-4)?
27
Let d(j) = -3*j**2 + 5*j + 3. Let i(r) = 12*r**2 - 21*r - 12. Let f = 172 - 170. Let t(m) = f*i(m) + 9*d(m). Give t(-3).
-33
Let d(i) = -i**3 + 7*i**2 + 9. Suppose 14*q - 51 = 33. Calculate d(q).
45
Let l be 3 + (-50)/14 - (-34)/(-14). Let t(o) = -132*o + 262*o + 1 - 127*o. Calculate t(l).
-8
Let g(m) = 2*m + 2. Let t(w) = -w**2 + 1. Let f be (-120)/(-2)*(-10)/15. Let l = f + 38. Let o be t(l). Determine g(o).
-4
Let f(m) be the third derivative of -m**6/120 + 7*m**5/60 + m**4/3 + 4*m**3/3 + 451*m**2. What is f(7)?
64
Let d(v) = -46 + 46 + v. Suppose -2*g + 2*q - 808 = -276, -3*g = 2*q + 808. Let r = 268 + g. Determine d(r).
0
Let g(u) = 4*u - 1. Let c(j) = j. Let x(i) = 6*c(i) + g(i). Let f be -2*((-14)/(-4) - 0) - -10. Calculate x(f).
29
Let o(g) = -g**3 - 21*g**2 - 54*g - 7. Let s(u) = -u**3 - 23*u**2 - 129*u - 8. Let b be s(-10). Give o(b).
-7
Let q(c) be the first derivative of 9/2*c**2 - 6*c + 7/3*c**3 + 14 - 1/4*c**4. Calculate q(8).
2
Let y(h) = -h**3 + 13*h**2 + 18*h + 8. Suppose 0 = -61*x + 57*x + 12, -3*n = -2*x - 36. Give y(n).
64
Let r(j) = 6*j. Suppose -4*t + 4 = 0, -4*y + 45 = -2*t - t. Suppose -241*n + y = -229*n. Give r(n).
6
Let d(w) = w**3 - 11*w**2 - 7*w + 79. Let l be d(11). Let a(m) = 31*m**2 - 5*m + 17. Let v(u) = -6*u**2 + u - 3. Let k(j) = -2*a(j) - 11*v(j). Give k(l).
13
Suppose 4*d + 56 = 4*a, a = -0*a - d + 8. Suppose -23 = -a*z + 21. Let x(v) = 0 - 6 + 2*v + 4*v**2 + v - v**3. Calculate x(z).
6
Suppose 5*v - 2*l - 62 = 0, 3*v - 800 = 5*l - 759. Let p(y) = -y**3 + 49*y**2 - 442*y - 25. Give p(v).
-1
Let t(y) = -y**2 - 2*y + 20. Let v be t(-5). Suppose v = l - 2*q, l - q - 3*q = 13. Let s(p) = -4*p + p + 4*p + 1 + 2. What is s(l)?
0
Let t(p) = 2*p**2 - 14*p + 32. Let i be 0 + (468/(-9))/(-13). Give t(i).
8
Let f(z) = 7*z + 50. Let a be f(-6). Suppose -a*v + 2*v = -12. Let y(d) = 325*d**2 - 3*d + 0*d + 4 - 328*d**v. Calculate y(-3).
-14
Let z(f) = 4*f**2 + 8*f + 19. Let j be z(-5). Let s(y) = -82*y - j*y + 2 + 250*y + 2*y**2 - 87*y. What is s(-2)?
6
Let v be (14/(-4))/((-3)/6). Let a(h) = -3*h - h + h + v. Let l = 3738 + -3743. What is a(l)?
22
Let q = 1252074 - 1252076. Let f be 4/10 + (-8)/(-5). Let a(i) = -2*i**3 - 2*i**f + 2*i + 3*i - 4*i. Determine a(q).
6
Let w(t) = -t**2 - 10*t - 28. Suppose 5*h - 22*k = -19*k - 54, -4*k = -2*h - 30. Calculate w(h).
-19
Let m(j) = j**2 - 5*j + 6. Let y = -115 - -117. Let w(b) = 21*b**2 - 6*b + 6. Let p be w(y). Let r = 82 - p. What is m(r)?
2
Let p be 5 - ((-15)/(-25) - (2 + (-363)/60)). Let a(b) be the second derivative of -1/2*b**2 + p*b**5 + 0*b**4 + 3*b + 0 + 1/6*b**3. Calculate a(1).
7
Let l(p) = -p + 11. Let h be l(5). Let o(y) be the second derivative of -y**4/12 + 7*y**3/6 - 5*y**2/2 - 55459*y. Determine o(h).
1
Let t(r) = r**3 - 3*r**2 - 4*r - 4. Let u = 6967 + -6964. Give t(u).
-16
Let c(t) be the first derivative of 14*t**2 - 114*t + 2033. Give c(4).
-2
Let l(z) be the second derivative of z**5/20 - z**4/12 - 9*z**2/2 - 430*z. Let j(g) = -g + 28. Let r be j(16). Suppose 0 = -2*h + r*h. Calculate l(h).
-9
Let k(q) = 10*q - 123. Let n(f) = 9*f - 108. Let g(i) = -5*k(i) + 6*n(i). What is g(-7)?
-61
Let m(a) be the third derivative of -7*a**4/12 - 74*a**3/3 + a**2 + 173*a. Determine m(-10).
-8
Suppose 0 = 4*f + 4*q - 52, -2*f - 4*q + 28 = -0*f. Let d(w) = 5 - f + 8 + 2*w. Let y = -107 - -105. Determine d(y).
-3
Let t(s) = -s - 1. Let h(p) = 5*p - 2. Let l be ((-2)/3)/((-34)/(-51)). Let f(n) = l*h(n) - 3*t(n). Determine f(5).
-5
Let m(g) = g + 43. Suppose 5*d - 4*h + 4 = 0, 1 = d + 165*h - 164*h. Determine m(d).
43
Let f(n) = -n**3 - 5*n**2 - 3*n - 7. Let l be f(-5). Let w(p) be the first derivative of -4*p + p**2 + p - 228 + 486. What is w(l)?
13
Suppose 2*v - 42 = 5*v. Let a(q) = 2*q**2 - q**2 - 2 + 6 + 15*q - 5 + 3 + 4. Calculate a(v).
-8
Let y(b) = -b + 9. Let a be -5 + 6 - -10*6/4. Suppose a*h - 147 = -5*h. Calculate y(h).
2
Let m = -6 - -15. Let l(y) be the first derivative of y**4/12 - 3*y**3/2 + 11*y**2/2 + 72*y + 68. Let p(h) be the first derivative of l(h). Give p(m).
11
Let b be (-159)/(-39) + ((-530)/130 - -4). Let i(u) = 7*u - 23. Give i(b).
5
Let v(d) = d + 3. Let z(a) = -a - 2. Let o(i) = 4*v(i) + 5*z(i). Suppose -6*n - 7 = 11. Let m be -8*(n/(-12))/(1/2). Determine o(m).
6
Suppose -10 = -3*o + 4*f, -2*o + 4*f + 7 = f. Let j(m) = -2*m - m**2 - 3*m**2 - o + 18*m**3 + 2*m**2 + 1. Calculate j(-1).
-19
Let b be (63 - 59)*(-6)/8. Let z(w) = -10*w - 26. What is z(b)?
4
Let y(d) = -6*d - 9. Suppose -45*u + 59*u + 104 = -38*u. Determine y(u).
3
Let b(x) be the first derivative of -x**4/4 - 3*x**3 - 2*x + 842. Suppose 0*z - z = -4*w - 32, z = -4. Determine b(w).
-2
Let l(b) = -2*b + 9. Let m = -371 - -371. What is l(m)?
9
Let q(t) = 4*t + 1. Let b be ((-28)/(-49))/(4/14). Suppose 2*u - 9 = -5*x, -b*x + 7*x - 3 = u. Let m be (5 - 1) + (-18)/12*u. Determine q(m).
5
Let c(d) = 2*d + 56. Suppose 350 = 205*l - 219*l. Calculate c(l).
6
Let p(c) = 3*c + 75. Let a = -2541 - -2519. Determine p(a).
9
Let w(c) be the third derivative of -3*c**5/40 + c**4/12 - 62*c**3/3 + 5*c**2 - 8*c. Let d(p) be the first derivative of w(p). Calculate d(1).
-7
Let k = -4122 - -4130. Let t(x) = -8*x + 0*x**3 - x**3 - 6 + 8*x**2 + 0*x**2 + x**2. Calculate t(k).
-6
Let v(j) = 2*j + 207. Let p(i) = -i + 27. Let z(y) = 6*p(y) - v(y). Calculate z(-6).
3
Let s(b) = -b - 1. Let o(g) = -7*g - 6. Let i(j) = o(j) - 3*s(j). Let f(k) = 821*k + 3288. Let l be f(-4). What is i(l)?
-19
Let o(l) be the first derivative of -11*l**3/3 + l**2/2 + l + 7504. Give o(3).
-95
Let w = 7 - 2. Let t(n) = n**2 - 35*n + 71. Let l be t(33). Let c(a) = -l*a**2 + 6 - 2*a + a**3 + 20 - 27 + 2*a. Give c(w).
-1
Let q(w) = 345*w - 11. Let u be q(-1). Let r = -357 - u. Let k(v) = -2*v**3 + v + 1. Give k(r).
2
Let v(c) = 3*c - 5. Let s = 618 + -603. Let x(g) = 11*g - 164. Let l be x(s). What is v(l)?
-2
Let v(x) = -2012 - 63*x + 2012 + 65*x. Let w = 3 + 1. Calculate v(w).
8
Let k(i) = -i**3 + 3*i**2 + 1. Let s be k(3). Let q(h) = 16*h - 310 + 606 - 296. Determine q(s).
16
Let l(k) = -k - 5. Let g(r) = 1. Suppose -72 = -5*x - x. Let z(o) = x*g(o) + 3*l(o). What is z(3)?
-12
Suppose 0*u - 50 = -10*u. Suppose 3*f = 8*f - u. Let z(i) = i - 1 - f - 3*i**2 + 2*i**2. Calculate z(2).
-4
Let s be (-34)/(-34)*(3 - 3). Let z(w) = w**2 + w - 11. Let v(d) = -d**2 - d + 10. Let r(h) = -3*v(h) - 4*z(h). What is r(s)?
14
Let w(k) = 1286*k**2 - 6*k + 3*k**3 + 1 - 1282*k**2 - k**3 + 2. Determine w(2).
23
Suppose 3*q - 3*z = -q + 24, 0 = -2*q + z + 10. Suppose -4*r - 2*s - 28 = 0, q*s - 7*s - 2 = -r. Let p(i) = i**2 + 6*i - 2. Determine p(r).
-2
Let g(z) = -15*z**3 + 1. Supp